dreds digit of s(b)?
3
Suppose 6*u - 387361 - 117665 = 0. What is the units digit of u?
1
Let l(f) = 11 + 11*f**3 + 21*f**3 - 24*f**2 - 31*f**3. Let b be l(24). Suppose -b*c + 7*c = -600. What is the tens digit of c?
5
What is the hundreds digit of (-18423)/6*(26/(-6) - (7 - 4))?
5
Suppose 2*i = -3*i + 2*d + 18, -3*i = -4*d - 22. Let k(v) = -58*v + 2. Let x be k(i). Let o = x + 265. What is the hundreds digit of o?
1
Suppose 0 = -2*l + 3*l - p + 25, 0 = 2*p + 10. Let c be 4/(-14) - (4 - l/(-7)). Suppose 8*u = -c*u + 1232. What is the tens digit of u?
5
Suppose 4*q - 1 = 2*b + 13, 0 = -5*q + 25. Suppose -5*t - 2*l = -1842, -t - 2*t = -b*l - 1122. What is the units digit of t?
0
Let g be 4/20 + ((-2262)/15)/(-1). Let k = -140 + g. Suppose -21*o + 2840 = -k*o. What is the units digit of o?
4
Suppose -5*p - 4*s + 27593 = 0, -6*p - 2*s - 11030 = -8*p. What is the units digit of p?
7
Suppose f + 5*d + 29 = -29, 4*d + 86 = -2*f. Let j be f/(-77) + 3/(-7). Suppose j = -6*p + 1093 + 17. What is the units digit of p?
5
Let a(k) = 406*k**2 - 66*k + 177. What is the hundreds digit of a(-13)?
6
Let c(z) = z**2 + 10*z + 356. What is the tens digit of c(-16)?
5
Let w = 12600 + 3973. What is the thousands digit of w?
6
Let n(u) = 11*u - 20. Let h be n(19). Let k(t) = t**3 + 3*t - 5. Let s be k(2). Suppose -6*p - h = -s*p. What is the units digit of p?
3
Suppose m - 3*j = 14907, -2*m - 68*j + 72*j + 29812 = 0. What is the ten thousands digit of m?
1
Suppose 25 = -5*r, 5*f + 28 = r - 7. What is the hundreds digit of (-2180)/25*20/f?
2
Let s(j) be the first derivative of j**3/3 + 8*j**2 + 12*j - 1. Let h = -111 - -94. What is the units digit of s(h)?
9
Let j(l) = 5*l**2 + 29*l - 52. Let a be j(-20). Let v = a - 754. What is the hundreds digit of v?
6
Suppose -17452 = -19*x + 38351. Let v = -1268 + x. What is the tens digit of v?
6
Let t(w) = 211*w**2 - 412*w + 4156. What is the hundreds digit of t(10)?
1
Let k = 1554 - 666. Suppose 3*i - 4*p = k, p = -i - i + 592. Let g = i + -171. What is the hundreds digit of g?
1
Let n(r) = -19*r - 3. Let d be n(-6). Let i = d - 189. Let g = i - -113. What is the units digit of g?
5
Suppose -8*v + 2*v = -18. Suppose 0 = v*g - 4*u + 6 - 979, -10 = -5*u. What is the tens digit of (g/5)/3 - 7/(-35)?
2
Suppose 44*i - 745269 = 21*i. What is the ten thousands digit of i?
3
Suppose 135258 = 56*w - 275670. What is the hundreds digit of w?
3
Let n be -16 - (36/8 + 2/(-4)). Let j = n - -23. Suppose -3*b - 3*q = -15, 3*q = j*b - 0*q - 21. What is the units digit of b?
6
Suppose 0 = -76*u + 71*u + 4*o + 15129, -u + 3*o + 3017 = 0. What is the tens digit of u?
2
Let y(x) = -13284*x + 1886. What is the tens digit of y(-2)?
5
Suppose -30940 = -393*l + 388*l. Suppose -8*w + w = -l. What is the units digit of w?
4
Suppose 0 = -2*g + 5*f + 9 + 12, -4*g + 2*f + 66 = 0. Suppose -g*x + 23*x - 25 = 0. Suppose -2 = x*y - 27. What is the units digit of y?
5
Let u = -2504 - -3453. What is the tens digit of u?
4
Let z = -145 - -152. Suppose -4*h - z*o = -2*o - 3217, -2419 = -3*h - 5*o. What is the tens digit of h?
9
Let s be (7*1)/((-17)/(-85)). What is the hundreds digit of (-1528)/(-14)*(s/10 + 0)?
3
Let u(x) be the first derivative of 214*x**3/3 + x**2/2 - 9*x - 83. What is the tens digit of u(-3)?
1
What is the thousands digit of (-53)/159 + (10546/3 - 2)?
3
Suppose -3*v + 10 = -v. Suppose -32 = -2*z + v*u, -2*u = 5*z - 12 - 10. Suppose 4*i = -g + 23, -z*i = -i + 5*g - 40. What is the units digit of i?
5
Suppose -q - 24 = -j + q, 3*j = 3*q + 78. Suppose -22902 = -j*p + 394. What is the hundreds digit of p?
8
Let y be (-2 + -3)/(1 + -2). Suppose 4*m - 21 = y*s, 3*m = -s - 0*m + 11. What is the units digit of s + (-9)/3*-23?
8
Let a = 1943 + 61. Suppose 4*c = 4*x - a, -x - 3*c + 322 = -171. What is the hundreds digit of x?
4
Suppose 0 = 52*n + 11*n - 140379 + 38319. What is the hundreds digit of n?
6
Suppose 0 = 347*s - 367*s + 100060. What is the thousands digit of s?
5
Suppose 5*i = 5*a - 38085, 166*i + 15240 = 2*a + 170*i. What is the thousands digit of a?
7
Suppose 8*l = -15*u + 9*l + 46454, 2 = 2*l. What is the tens digit of u?
9
Let i(q) = 5*q**2 - 1. Let p be i(1). Suppose -p = -2*f + 4. Suppose 5*l - 4*k = k + 515, -f*l + 2*k = -408. What is the tens digit of l?
0
Let k = 71744 + -35597. What is the thousands digit of k?
6
What is the thousands digit of (3/(-9 - -3))/(7/(-89306))?
6
Let x = -181 - -1089. Suppose 0 = -m - 5*t + x, -3*m + m + 1780 = -2*t. What is the units digit of m?
3
Suppose -4*k + 2*t = -k - 45, 5*t + 45 = 3*k. Let w be -2 + 3/(k/35). Let d(a) = 3*a**2 + a + 29. What is the units digit of d(w)?
9
Let m(j) be the second derivative of 61*j**3/3 + 31*j**2/2 - 88*j. What is the tens digit of m(4)?
1
Let k(d) = -3*d + 11. Let a(m) = -m**2 - 15*m + 28. Let h be a(-10). Suppose 3 + h = -9*u. What is the tens digit of k(u)?
3
Let z = 7520 - -41145. What is the units digit of z?
5
Suppose 0 = -2*m + o - 0*o + 67, -4*m + 3*o + 135 = 0. Suppose m*a - 1508 = 20*a. What is the hundreds digit of a?
1
Suppose 0 = 10*f - 5*f + 5*j - 7720, 3*f = 4*j + 4604. Let a = f - 734. What is the tens digit of a?
0
Suppose 5*n = 3*a - 9926 + 3447, 4 = -4*n. What is the units digit of a?
8
What is the units digit of (15180 - 0) + (14 - 0 - 13)?
1
Let z(n) = 259*n. Let i be z(1). Suppose -i = -12*l + 77. What is the units digit of l?
8
Suppose -4*d + 34804 = 4*w, -4*w = 3*d - 0*d - 34802. Suppose -9*g + w = -3874. What is the thousands digit of g?
1
Let d be (-886)/14 - 10/(-35). Let a = d + 83. Let p = a + 57. What is the tens digit of p?
7
Let b be 10/(-3)*252/(-70). What is the units digit of -2 - (-2713)/4 - (-9)/b?
7
Suppose q = 0, -r = r + 2*q - 342. Let p = 94 + r. What is the hundreds digit of p?
2
What is the hundreds digit of 52/78 + (656096/(-6))/(-7)?
6
Suppose 5*v - 8*v + 4*v = 20203. What is the thousands digit of v?
0
Let q = -122 + 102. Let f be 2806/10 + 12/q. Suppose -4*t = -f - 164. What is the hundreds digit of t?
1
Let f(p) = -71 - 7*p - 22 + 1 - 46. What is the units digit of f(-32)?
6
What is the units digit of -18*((-154960)/32)/13?
5
Let x = 307214 - 217840. What is the hundreds digit of x?
3
Let p be 4/3*(-9 - -18)*313. Suppose -9*c + p = 1155. What is the hundreds digit of c?
2
Let q = 68 + -33. Suppose -3*n = 2*g - 29, 0 = -2*g + 3*n - 0*n + q. Let d(r) = 10*r + 10. What is the hundreds digit of d(g)?
1
Suppose 24*x = 3 - 3. What is the units digit of (-4)/(12 - x)*(3 + -1287)?
8
What is the ten thousands digit of 2536/(-3170) - (-317328)/10?
3
Let w be 4/1 + 45/5 + -7. Suppose -255 = -w*k + 3*k. What is the units digit of k?
5
Let h(j) = -j**3 + 9*j**2 + 18*j - 10. Let i(p) = 4*p**3 + 0 - 9*p**2 - 3*p**3 - 17*p + 11. Let l(x) = -4*h(x) - 5*i(x). What is the tens digit of l(8)?
5
Suppose 3*k - 26 = -5. Suppose -k*x - x = -16. What is the units digit of x/(-10) - (-6765)/75?
0
Let l(n) = 271*n - 53. Let s(f) = -f**3 - f**2 - 3*f - 7. Let z be s(-2). What is the hundreds digit of l(z)?
7
Let c(s) = -s. Let l be c(1). Let b(i) = -2*i**2 - 18*i - 18. Let o be b(-1). What is the units digit of (-50 + 15)/(o + (-1)/l)?
5
Suppose 5*j = 16*j - 308. Suppose 0 = 9*a - 11*a + j. Suppose 7*w + 1750 = a*w. What is the tens digit of w?
5
Let i(j) = 194*j**2 + 11*j - 8. What is the tens digit of i(4)?
4
Let t = 166113 + -94466. What is the tens digit of t?
4
What is the hundreds digit of -8*(3 - 3462/8)?
4
Suppose -f - 32 = -36, 2*f + 325 = t. What is the tens digit of t?
3
Let f(z) = -6*z + 59. Suppose -11*n - 301 = -4. What is the tens digit of f(n)?
2
Suppose 4*j = -2*y + 2, 13 = -3*j - 5*y + 4. Suppose j*c = -f - 8 - 4, 2*f - c - 1 = 0. What is the units digit of f + (-227)/(-2) + (-2)/(-4)?
2
What is the hundreds digit of (12 - (-7158 - 4)) + 10?
1
Let q = -1125 + 2504. Suppose 7*w - q = -0*w. Suppose 3*u - 4*f + w = 6*u, -5*u + f + 290 = 0. What is the tens digit of u?
5
Let s = 5135 + -4676. Suppose 5*t - 2*y - 8 = t, 5*y - 16 = t. Suppose -t*q = -13*q + s. What is the tens digit of q?
5
Let k = 50 - 206. What is the units digit of k/(-1) - (-4 - 1)?
1
Suppose -l + 1 = -3. Suppose -8 = 2*d + 3*y, -l*d - y = -3 - 1. Suppose d*s + w = 79, -s + 3*w + 67 = s. What is the units digit of s?
8
Let f(y) = -9*y**3 - y**2 - 6*y - 6. Let 